 3*s = -4*l + 50, -4*s - 78 = -5*l - 0*s. Give w(l).
4
Suppose -4*i - 3*a = 23, 2*a - 3 = -i - 10. Let v(u) = u**3 + 6*u**2 + 7*u + 5. Calculate v(i).
-5
Suppose -6*i + 54 - 18 = 0. Let h(l) = -3 + 21*l - 6*l - i*l - 10*l. Determine h(5).
-8
Let f(j) = -4 + j - 1 + 13 + 1. Let q be ((-2)/(-4))/((-4)/8)*7. Calculate f(q).
2
Let r be -9 - ((-1 - -12) + -6). Let n(z) = z**2 + 15*z + 1. What is n(r)?
-13
Let a(n) = -2*n**3 - 3*n**2 - 11*n - 16. Let x(f) = f + 2. Let c(t) = a(t) + 5*x(t). Give c(-2).
10
Let l(u) = -u**3 + 3*u**2 - 3*u + 3. Let a = 465 - 462. Calculate l(a).
-6
Let x(i) = -2*i - 9. Suppose 14*f - 196 = 42*f. Determine x(f).
5
Let h(q) be the third derivative of 1/60*q**5 + 22*q**2 + 0*q**4 + 0 + 7/6*q**3 + 0*q. Determine h(0).
7
Let p(s) = -2*s**2 - 2*s. Let x be p(-2). Let u = x - -9. Let v(y) = -13 + 28 + 3*y + 4*y**2 - y**3 - 11. What is v(u)?
-6
Suppose -c - 2 = 3*q - 3*c, -5 = -q - 5*c. Let u be -1 - (-3 - (3 + -2)). Let w(g) = -10 - 111*g**u + 1 - g**2 + 112*g**3. Give w(q).
-9
Let o(t) = t**3 + 9*t**2 + 7*t - 3. Let s be -2*((-915)/6)/(-5). Let x = s + 53. Determine o(x).
5
Let g(d) = -d - 7. Let p(b) be the third derivative of 2*b**4/3 + b**3/6 + 8*b**2. Let o be p(1). Suppose -2*f - o = -5. Calculate g(f).
-1
Let a(p) be the second derivative of 0*p**2 + 0 + 11*p - 3/10*p**5 - 1/6*p**3 + 0*p**4. Determine a(-1).
7
Let b(w) = -3 - 3 + 4 + 6 + 4*w. Let g = -7 + 7. Suppose 5*y - 7 + 22 = g. What is b(y)?
-8
Let f be ((-13)/(-65))/(2/10). Let k(b) be the second derivative of b**4/4 + 7*b. Give k(f).
3
Let q(f) = 2*f**3 + 16*f**2 - 19*f - 8. Let w be q(-9). Let p(x) = 2*x + 6*x + 1 + 2 - 4. Determine p(w).
7
Suppose 5*o - 2 = -w + 14, -4*o = w - 14. Let s be 3/w - 21/(-6). Suppose 0 = -5*h + 4*y - 18, 7*h + 2*y + s = 3*h. Let k(c) = 3*c**3 + 3*c**2. What is k(h)?
-12
Let z(w) = w - 3. Let p be 0 + (-2)/6*-6. Calculate z(p).
-1
Let x be 24/(-10)*(-4 + -1). Let d(n) = 3*n + 1 - n + 2*n**2 - x*n**2. Let r = -15850 + 15849. Give d(r).
-11
Let l = 7 - 12. Let w = 0 + l. Let p(y) = 4*y - 12. Let j(h) = 2*h - 8. Let f(g) = 5*j(g) - 3*p(g). What is f(w)?
6
Let n(z) = -15*z + 70. Suppose -132 = -32*b + 28. What is n(b)?
-5
Let j(d) = 5*d + 6. Let u(t) = 7*t + 6. Let w(o) = -3*j(o) + 2*u(o). Determine w(-7).
1
Let y(c) = -c + 9. Suppose 2 = -s + 10. Suppose -2*p - s = 0, -3*p - 57 = -u - 2*p. Suppose -u*o - 7 = -54*o. Calculate y(o).
2
Suppose 0 = 3*l - 2*s + 29, -3*l = -4*l - 2*s - 15. Let k(v) = -22*v**2 - 34*v - 19. Let c(d) = 9*d**2 + 16*d + 9. Let h(i) = -5*c(i) - 2*k(i). What is h(l)?
4
Let v(f) = 1 - 2*f + 3*f**3 - 3*f**2 - 2*f**3 - 2*f**3. Let s(p) = -2*p**3 - 3*p**2 - 2*p + 2. Let o(b) = 2*s(b) - 3*v(b). Suppose 3*h - 4 = 5. Calculate o(h).
7
Let l(x) be the second derivative of -x**8/3360 + x**6/720 + x**5/120 - 5*x**4/6 + 2*x. Let a(w) be the third derivative of l(w). Determine a(-2).
15
Let f be (27 + -4 + 11)/2. Let s(n) = -2*n**2 + 35*n - 24. Determine s(f).
-7
Let n be (11 - 4) + (-8)/(-4). Let r = n - 7. Let w(m) = 3 + 3*m - m**3 + 2*m**r + 0 + 0. Determine w(3).
3
Suppose 9 = 2*l + 3. Let k(t) = 8*t - 61*t - t**3 + 1 + 4*t**2 + 18*t + 19*t + 17*t. Give k(l).
13
Let j(d) = -d. Suppose 5 = -5*y - 2*p, 0 = -0*y + y + 3*p + 1. Let l be y/4*(-82 - -6). Suppose l = -c + 27. Give j(c).
-8
Suppose -4*d + 50 = 6*l - l, -d + l + 8 = 0. Let m(a) = -5*a + 8*a - d - 2*a + 0. Suppose 3*k + k = 0. Determine m(k).
-10
Let w(o) be the first derivative of 5*o**4/4 - 2*o**3/3 + o**2 - o + 324. Determine w(1).
4
Let d be ((-16)/56)/(((-6)/147)/1). Let a(t) = -3*t**3 + 13 + 2*t**3 + 7*t**2 - 3. Calculate a(d).
10
Let r(s) = 3*s + 10*s + 2 + 2*s + 2 + 1. What is r(-2)?
-25
Let x(w) = 7*w - 13. Let i = -38 + 33. Let d(p) = -4*p + 6. Let o(z) = i*d(z) - 3*x(z). Calculate o(5).
4
Let u(a) = a**2 - a + 2*a**2 + 1 - 4*a**2 + 4*a**3 - 5*a**3. Let g be 2*((-5)/2 - -3). Calculate u(g).
-2
Let s be ((25 + -3)*-1)/2. Let q(g) = -11*g**2 + g**2 + 2*g**2 - g**3 - 4*g**2 - 12*g - 5. Calculate q(s).
6
Let n(i) be the third derivative of -7*i**4/24 - i**3/6 + 2*i**2. Suppose 0 = 16*y - 19*y + 6. Suppose 0*x - y*x + 3*s - 8 = 0, 3*x = 4*s - 11. Calculate n(x).
6
Suppose 4*g = g + 6. Suppose -2 = -b - 5, -g*b - 46 = 5*l. Let k(m) = m**2 + 9*m. Give k(l).
-8
Let z(x) = -x**3 - 3*x**2 + 3*x + 1. Let n be z(-4). Let a(r) be the second derivative of -r**5/20 + r**4/2 - r**3 + r**2 - 2*r - 1588. Determine a(n).
-3
Let r(j) = 3*j - 24 + 11 + 13 + 6. Let y(v) = -v**3 + 7*v**2 - 8*v + 2. Let g be y(6). Let i = g - -6. What is r(i)?
-6
Let t(l) = -l + 1. Let f(v) = -19 - 8*v**3 - 47*v + 4*v**3 + 5*v**3 + 9*v**2 + 12*v**2. Let w be f(-23). Determine t(w).
-3
Let l(k) = -k + 1. Let b be l(-5). Suppose -b*h = -3*w - h + 6, 10 = 5*w + 4*h. Let j(z) = -3 - 5*z**2 + 8*z**2 + w. Determine j(1).
2
Let s(i) = 2*i**3 + 3*i**3 + 3*i**3 - 1 - 12*i**3 - i. Suppose 5 = -5*g - 0*g. What is s(g)?
4
Let l(o) = o**3 + 2*o**2 - 1. Let a(u) = -11*u - 40. Let f be a(-5). Suppose -f*i - 54 = 3*i. Give l(i).
-10
Let r(z) = 40*z**2 - 50 - 3*z + z - 31 + 82. Determine r(1).
39
Let l(a) = -a + 5. Let y be ((-24)/(-30)*-1)/(3/15). Give l(y).
9
Suppose 999 = 16*g + 1063. Let z(m) = -4*m + 2. Calculate z(g).
18
Suppose -m + 9 = -4*n, m = 2*m + 2*n + 3. Suppose 3 = -2*r - m. Let k(y) = -y**3 - 2*y**2 + 1. Determine k(r).
1
Let l(v) = 20*v + 16. Let n be l(-4). Let k = n + 65. Let y(r) = -6*r**3 + r**2 - r. What is y(k)?
-6
Let m(x) = -x**2 + 5*x + 2. Let n(r) = -r**2 - 29*r - 24. Let v be n(-28). What is m(v)?
6
Let y(o) = o**3 - 5*o**2 - 4*o - 11. Let j(a) = -2*a**3 + 10*a**2 + 8*a + 24. Let h(q) = 3*j(q) + 7*y(q). Determine h(6).
7
Let o(n) = 13*n + 2. Let g(j) = -8*j - 1. Let x(z) = -3*g(z) - 2*o(z). Determine x(6).
-13
Let o(p) = p**2 + 3*p. Let c be o(-4). Let y(n) = -2 + 8 + 2*n - n**3 + c*n**2 - 5*n. Suppose a + 21 = 5*b, -5*b - 11 = -5*a - 36. Determine y(b).
-6
Let b(k) be the third derivative of k**5/20 + k**4/12 - 429*k**2. What is b(-2)?
8
Let c(g) = -3*g**3 - 14*g + 5. Let b(j) = 2*j**3 + 8*j - 3. Let o(i) = 7*b(i) + 4*c(i). Give o(1).
1
Let r(w) = 4 + 1 + 4 - w. Let j be ((-10208)/(-66))/29 - 2/(-3). Give r(j).
3
Let a(h) be the third derivative of 0*h + 1/3*h**3 + 0 - 1/120*h**6 + 1/10*h**5 + 13*h**2 - 1/4*h**4. Calculate a(4).
10
Suppose -3*b = -7*i + 4*i + 15, -21 = 5*b - 4*i. Let u be (-6 - 2 - -3) + b. Let l(c) = c**2 + 2*c - 3 - 7*c - 2*c**2. Determine l(u).
-9
Let z(k) = k**2 - 4*k + 4. Let m(q) = -3*q**2 + 14*q - 10. Let d(i) = -3*m(i) - 8*z(i). Determine d(11).
9
Let k(q) = q**3 - q**2 - q + 1. Let r(f) = -5*f**3 + 3*f**2 + 9*f - 9. Suppose 0 = -5*p + 4*p + 6. Let o be 8/(-12) - 32/p. Let d(y) = o*k(y) - r(y). Give d(2).
1
Let c(w) = 2*w**2 + 8*w + 5. Suppose -5*g - 99 = 136. Let u = g + 21. Let a = u - -21. What is c(a)?
15
Let g = 165 + -167. Let b(r) = -r**2 - 2*r - 1. Determine b(g).
-1
Let y(z) = -z. Let f be y(-4). Suppose -f*o = -2*o. Let w(x) = 3*x + o*x - 6 + 0*x. What is w(6)?
12
Let i(v) = v**2 - 7*v + 1. Suppose z - 4*r = 13, -5*z = -2*r + 5*r - 19. Calculate i(z).
-9
Suppose 10*o = 14*o - 220. Suppose -u - o = -2*d - 2*u, 5*u = 4*d - 89. Suppose h = -3*y - 3*h - d, 29 = -2*y - 5*h. Let n(b) = -2*b**2 + b + 2. What is n(y)?
-8
Let t(h) = h**3 + 5*h**2 + 3. Let i = -458 - -453. Calculate t(i).
3
Let u(a) = -2*a**2 - 3*a - 1. Let v be u(-2). Let h(s) = 3*s. Let c(r) = -2*r**2 + 15*r + 4. Let k(d) = c(d) - 5*h(d). What is k(v)?
-14
Let p(r) = -3*r + 3. Suppose -4*q + 0*q = -56. Let b(f) = f - 11. Let h be b(q). What is p(h)?
-6
Let j(y) = -4*y**3 - 3*y**2 - 4*y - 2. Suppose 5*z - 7*z + 112 = 0. Let a = 54 - z. Determine j(a).
26
Let u(g) = -g**2 - g - 10. Let c = 21 - 26. Let k(h) = h**2 + 11*h + 13. Let f be k(-9). Let q = c - f. Calculate u(q).
-10
Let g(b) = -2 - 9*b + b**2 + 18*b - 2 - 10*b. What is g(-5)?
26
Let h(g) = g**3 + 6*g**2 - g - 2. Let a be h(-6). Let s(l) = -4*l**3 + 2*l - 5. Let v(i) = 3*i**3 - i**2 - 2*i + 4. Let w(f) = -2*s(f) - 3*v(f). Calculate w(a).
-10
Let b(r) be the third derivative of 0*r - 10*r**2 + 1/24*r**4 + 0 + 2/3*r**3. Calculate b(-6).
-2
Let a be -1 - (-2 + (-1)/(-1)). Let p(b) = a*b + 4 - 2*b + b. Suppose 0 = -170*y + 43*y - 131*y + 1806. Give p(y).
-3
Let c(d) = -12*d. Let m = -7 - -23. Suppose -7*h + m - 9 = 0. Determine c(h)